 is -13 - -ca074?
ca061
In base 11, what is -67791 + 182?
-6760a
In base 8, what is -7 - 376537505?
-376537514
In base 9, what is 1753071 - -1?
1753072
In base 16, what is 10 + -c18c6?
-c18b6
In base 4, what is 110 + -1201011212031?
-1201011211321
In base 6, what is 34 - 2043003?
-2042525
In base 5, what is -22413004200 - 4?
-22413004204
In base 5, what is -1 - 41204141?
-41204142
In base 3, what is -111 + 1002201020002101?
1002201020001220
In base 15, what is 170 - 236db6?
-236c46
In base 6, what is -1043 - -2113053?
2112010
In base 16, what is -14 - 2a308?
-2a31c
In base 10, what is -191490 - -8?
-191482
In base 15, what is 527 + -3ca?
14c
In base 2, what is -100000100000101 + -100001110?
-100001000010011
In base 13, what is -62963 + 16aa?
-61286
In base 9, what is 1156 - 105781?
-104624
In base 2, what is 100 - 101001110011000001011111001?
-101001110011000001011110101
In base 13, what is -5 - -554275?
554270
In base 10, what is -15150787 - -2?
-15150785
In base 3, what is -12210120022222 + 12?
-12210120022210
In base 13, what is 113 - 8c91?
-8b7b
In base 10, what is 0 + -21832809?
-21832809
In base 3, what is -110201222112 + -121110?
-110202120222
In base 9, what is -137012281 - -2?
-137012278
In base 13, what is -8856 - -305?
-8551
In base 9, what is 8684004 + -3?
8684001
In base 11, what is -54a5 + -60a?
-6004
In base 3, what is -121201202 - 120?
-121202022
In base 16, what is 8f35f + -b?
8f354
In base 4, what is 11 - 233210230333?
-233210230322
In base 3, what is 11 - 22010220001222?
-22010220001211
In base 5, what is 10 + 41310244221?
41310244231
In base 15, what is 2ee4cd + -58?
2ee475
In base 4, what is -1320330 - -3003?
-1311321
In base 15, what is -877c7 - -9d0?
-86ce7
In base 13, what is -3693418 - -1?
-3693417
In base 12, what is 50 - 107bb94?
-107bb44
In base 4, what is -21 + 212131303001?
212131302320
In base 2, what is 101111 + -101101100011111011111?
-101101100011110110000
In base 3, what is 10012202120211 + 21?
10012202121002
In base 5, what is -314 - 2143320113?
-2143320432
In base 5, what is 311223 - 40433?
220240
In base 14, what is -95b5a + -d8?
-95c54
In base 6, what is -4 - 2441044504?
-2441044512
In base 16, what is -9521b0 - 9?
-9521b9
In base 2, what is -11 + 11011111000110111010?
11011111000110110111
In base 5, what is -10 - 134131114120?
-134131114130
In base 11, what is 62 - -2a08087?
2a08139
In base 12, what is -33b5 - -a9?
-3308
In base 12, what is -91255 - -172?
-910a3
In base 14, what is 437a7b - -20?
437a9b
In base 14, what is -9b4 - -18ad?
cd9
In base 12, what is -4 - 19876?
-1987a
In base 12, what is 131b228 + 57?
131b283
In base 9, what is -452 + 548365?
547813
In base 13, what is 7a - 94844?
-94797
In base 13, what is 3b0 - 8840?
-8460
In base 7, what is 1 + -456141254?
-456141253
In base 6, what is -353 - 13103352?
-13104145
In base 10, what is 359470951 - 1?
359470950
In base 15, what is 7 + 18bbbd9?
18bbbe1
In base 9, what is 455 - -251027?
251483
In base 10, what is -13920 + 1806?
-12114
In base 13, what is 2033a - -44c?
20789
In base 4, what is -1002 + -123113230?
-123120232
In base 12, what is 0 - 2827252?
-2827252
In base 5, what is -10 - 24011012400?
-24011012410
In base 10, what is 4 + 8912775?
8912779
In base 9, what is 57228178 - 4?
57228174
In base 6, what is -144 - 4251540?
-4252124
In base 9, what is -38862 + 308?
-38553
In base 10, what is 781 - 18281?
-17500
In base 6, what is -4 - -12225103311?
12225103303
In base 10, what is 69 + 1240429?
1240498
In base 9, what is -18266627 - -6?
-18266621
In base 5, what is -30234311 + 102?
-30234204
In base 10, what is 3 - -1119342?
1119345
In base 11, what is 526 + 9982?
a3a8
In base 14, what is 85a87 - 5?
85a82
In base 12, what is 17b8 - 196?
1622
In base 10, what is 2312968 - -70?
2313038
In base 16, what is -7 - b0988?
-b098f
In base 16, what is 52f9 + -eb73?
-987a
In base 14, what is 2c - -15d42?
15d70
In base 5, what is 13030133442 + 20?
13030134012
In base 9, what is 4 - -375025164?
375025168
In base 3, what is -100020111102200 + -1001?
-100020111110201
In base 9, what is 44 + -22737753?
-22737708
In base 16, what is 9de + 1dfc?
27da
In base 8, what is 1010036 + -225?
1007611
In base 8, what is -1 - 21727651?
-21727652
In base 16, what is -351 + -24d?
-59e
In base 11, what is -97565 - 47?
-97601
In base 5, what is -10 - -2012141034?
2012141024
In base 12, what is -ab - 311162?
-311251
In base 10, what is 0 + 1220519?
1220519
In base 6, what is 534355055 - 2?
534355053
In base 12, what is -1 + -5204954?
-5204955
In base 12, what is -9 - 2412715?
-2412722
In base 13, what is -7c65 + -7752?
-126b7
In base 10, what is -4283 - -87319?
83036
In base 16, what is 2d67bd - -2?
2d67bf
In base 2, what is 0 - 100100000000011001011?
-100100000000011001011
In base 11, what is 1354 + -13410?
-12067
In base 11, what is -17 - -686824?
686808
In base 3, what is -10 - 10221210110210221?
-10221210110211001
In base 6, what is 124042 + -1343010?
-1214524
In base 3, what is 1 + 1112212201202002?
1112212201202010
In base 12, what is -834 - 188561?
-189195
In base 2, what is -1100100010010100101111101111 - 101?
-1100100010010100101111110100
In base 15, what is -13eb4e9 + 2?
-13eb4e7
In base 11, what is 9951 - -8240?
17091
In base 12, what is 1 + 1436254?
1436255
In base 10, what is -1720318 + -5?
-1720323
In base 14, what is -133071 - -6?
-133069
In base 16, what is -7e3494d - 3?
-7e34950
In base 11, what is 1 - 1a034375?
-1a034374
In base 14, what is da117 - -393?
da4aa
In base 9, what is -5 - -8005771?
8005765
In base 7, what is 1200244 - -124?
1200401
In base 16, what is -809b - -bc?
-7fdf
In base 9, what is -23 - 23873578?
-23873612
In base 3, what is -2 - 10020212211210?
-10020212211212
In base 7, what is 414645236 + -120?
414645116
In base 9, what is -4 - -5757714?
5757710
In base 9, what is -425441 + -1400?
-426841
In base 5, what is 241234 - 23341?
212343
In base 16, what is -d19f - 1c?
-d1bb
In base 13, what is -30112 - -231?
-2cbb1
In base 10, what is 4252318 - 9?
4252309
In base 16, what is 66bc1ab - -3?
66bc1ae
In base 2, what is 0 + -1001010001111001110111001110?
-1001010001111001110111001110
In base 5, what is 10 + 322021313?
322021323
In base 14, what is -7a + 1017?
d7b
In base 12, what is 1 - 9746275?
-9746274
In base 11, what is 8a - -5a93?
6072
In base 6, what is 2552 + 1115033?
1122025
In base 15, what is -69 - 377812?
-37787b
In base 3, what is 12 + -1011021221110221?
-1011021221110202
In base 13, what is 4 - -2221a430?
2221a434
In base 11, what is 6 + -1869157?
-1869151
In base 8, what is -64162 - 1163?
-65345
In base 2, what is -1110001100010100 + 1011011?
-1110001010111001
In base 12, what is 1b708746 - 3?
1b708743
In base 9, what is -11 - -21610426?
21610415
In base 15, what is 14 + -39cb90?
-39cb7b
In base 10, what is 210902 + 12?
210914
In base 11, what is 40440 + 21a?
4065a
In base 10, what is 10555286 - 7?
10555279
In base 4, what is 11 + -13301022033?
-13301022022
In base 12, what is -1361 - -5b4?
-969
In base 16, what is 2 + 2175b1f?
2175b21
In base 15, what is -9b8 + -60b?
-10c4
In base 15, what is -74b - -d28?
5cc
In base 13, what is -274a - -1a6?
-2574
In base 11, what is 7 + -172a4363?
-172a4357
In base 6, what is 403 + -2105551?
-2105144
In base 3, what is -200201222210002 + 11?
-200201222202221
In base 9, what is 61836206 + 3?
61836210
In base 4, what is -11012030212 + 3?
-11012030203
In base 13, what is 1c6c69856 + 5?
1c6c6985b
In base 6, what is -5125014 - -352?
-5124222
In base 3, what is 1011112221102211 - 1?
1011112221102210
In base 13, what is 54c8a + 26a?
55227
In base 12, what is 79189bb + 0?
79189bb
In base 2, what is -11101010011011110111 - -110?
-11101010011011110001
In base 15, what is 1cd9b1 + -1?
1cd9b0
In base 12, what is -263b36 - -6?
-263b30
In base 15, what is -edaa0 + 25?
-eda7a
In base 7, what is 220 - 13536?
-13316
In base 12, what is -1b + -b99029?
-b99048
In base 3, what is -1101222112 - 2212110?
-1111211222
In base 9, what is -55106 + -2617?
-57724
In base 5, what is 1132 - -101410021?
101411203
In base 5, what is -342203144 - -4?
-342203140
In base 5, what is 31 - 344334?
-344303
In base 11, what is -4196 - -135?
-4061
In base 4, what is 2000013033 + 2013?
2000021112
In base 15, what is 1 - 122e7829?
-12